{"id":78462,"date":"2025-11-05T10:46:02","date_gmt":"2025-11-05T09:46:02","guid":{"rendered":"https:\/\/filminstitut.at\/?post_type=movie&#038;p=78462"},"modified":"2025-11-05T10:46:02","modified_gmt":"2025-11-05T09:46:02","slug":"man-lebt-weil-man-geboren-ist","status":"publish","type":"movie","link":"https:\/\/filminstitut.at\/en\/movies\/man-lebt-weil-man-geboren-ist","title":{"rendered":"Man lebt, weil man geboren ist"},"content":{"rendered":"<p>Wien 1989: Der Journalist Andr\u00e9 M\u00fcller, bekannt f\u00fcr seine radikalen Gespr\u00e4che mit Prominenten, reist in seine Geburtsstadt, um mit seiner Mutter ein Interview zu f\u00fchren. In einem verzweifelten Kampf versucht er, endlich das Schweigen zu brechen und seiner Mutter die Geheimnisse ihres und seines Lebens zu entrei\u00dfen.<\/p>\n","protected":false},"author":25,"featured_media":0,"template":"","director":[],"producer":[5860],"genre":[8881],"fond":[6191,6193],"distributor":[],"rental":[],"movie-category":[5663],"tag":[10052],"funding_program":[],"incentive":[],"class_list":["post-78462","movie","type-movie","status-publish","hentry","producer-wega-filmproduktionsgesellschaft-mbh-en","genre-drama-en","fond-filminstitut-en","fond-filmfonds-wien-en","movie-category-feature-film-en","tag-green-filming"],"acf":[],"yoast_head":"<!-- This site is optimized with the Yoast SEO plugin v27.5 - https:\/\/yoast.com\/product\/yoast-seo-wordpress\/ -->\n<title>Man lebt, weil man geboren ist - \u00d6sterreichisches Filminstitut<\/title>\n<meta name=\"robots\" content=\"index, follow, max-snippet:-1, max-image-preview:large, max-video-preview:-1\" \/>\n<link rel=\"canonical\" href=\"https:\/\/filminstitut.at\/en\/movies\/man-lebt-weil-man-geboren-ist\" \/>\n<meta property=\"og:locale\" content=\"en_US\" \/>\n<meta property=\"og:type\" content=\"article\" \/>\n<meta property=\"og:title\" content=\"Man lebt, weil man geboren ist - \u00d6sterreichisches Filminstitut\" \/>\n<meta property=\"og:description\" content=\"Wien 1989: Der Journalist Andr\u00e9 M\u00fcller, bekannt f\u00fcr seine radikalen Gespr\u00e4che mit Prominenten, reist in seine Geburtsstadt, um mit seiner Mutter ein Interview zu f\u00fchren. In einem verzweifelten Kampf versucht er, endlich das Schweigen zu brechen und seiner Mutter die Geheimnisse ihres und seines Lebens zu entrei\u00dfen.\" \/>\n<meta property=\"og:url\" content=\"https:\/\/filminstitut.at\/en\/movies\/man-lebt-weil-man-geboren-ist\" \/>\n<meta property=\"og:site_name\" content=\"\u00d6sterreichisches Filminstitut\" \/>\n<meta property=\"article:publisher\" content=\"https:\/\/www.facebook.com\/filminstitut\" \/>\n<meta name=\"twitter:card\" content=\"summary_large_image\" \/>\n<meta name=\"twitter:label1\" content=\"Est. reading time\" \/>\n\t<meta name=\"twitter:data1\" content=\"1 minute\" \/>\n<script type=\"application\/ld+json\" class=\"yoast-schema-graph\">{\"@context\":\"https:\\\/\\\/schema.org\",\"@graph\":[{\"@type\":\"WebPage\",\"@id\":\"https:\\\/\\\/filminstitut.at\\\/en\\\/movies\\\/man-lebt-weil-man-geboren-ist\",\"url\":\"https:\\\/\\\/filminstitut.at\\\/en\\\/movies\\\/man-lebt-weil-man-geboren-ist\",\"name\":\"Man lebt, weil man geboren ist - \u00d6sterreichisches Filminstitut\",\"isPartOf\":{\"@id\":\"https:\\\/\\\/filminstitut.at\\\/en#website\"},\"datePublished\":\"2025-11-05T09:46:02+00:00\",\"breadcrumb\":{\"@id\":\"https:\\\/\\\/filminstitut.at\\\/en\\\/movies\\\/man-lebt-weil-man-geboren-ist#breadcrumb\"},\"inLanguage\":\"en\",\"potentialAction\":[{\"@type\":\"ReadAction\",\"target\":[\"https:\\\/\\\/filminstitut.at\\\/en\\\/movies\\\/man-lebt-weil-man-geboren-ist\"]}]},{\"@type\":\"BreadcrumbList\",\"@id\":\"https:\\\/\\\/filminstitut.at\\\/en\\\/movies\\\/man-lebt-weil-man-geboren-ist#breadcrumb\",\"itemListElement\":[{\"@type\":\"ListItem\",\"position\":1,\"name\":\"Home\",\"item\":\"https:\\\/\\\/filminstitut.at\\\/en\"},{\"@type\":\"ListItem\",\"position\":2,\"name\":\"Filme\",\"item\":\"https:\\\/\\\/filminstitut.at\\\/en\\\/movies\"},{\"@type\":\"ListItem\",\"position\":3,\"name\":\"Man lebt, weil man geboren ist\"}]},{\"@type\":\"WebSite\",\"@id\":\"https:\\\/\\\/filminstitut.at\\\/en#website\",\"url\":\"https:\\\/\\\/filminstitut.at\\\/en\",\"name\":\"\u00d6sterreichisches Filminstitut\",\"description\":\"Das \u00d6sterreichische Filminstitut ist die bundesweite F\u00f6rderstelle und Kompetenzzentrum f\u00fcr den Kinofilm.\",\"publisher\":{\"@id\":\"https:\\\/\\\/filminstitut.at\\\/en#organization\"},\"potentialAction\":[{\"@type\":\"SearchAction\",\"target\":{\"@type\":\"EntryPoint\",\"urlTemplate\":\"https:\\\/\\\/filminstitut.at\\\/en?s={search_term_string}\"},\"query-input\":{\"@type\":\"PropertyValueSpecification\",\"valueRequired\":true,\"valueName\":\"search_term_string\"}}],\"inLanguage\":\"en\"},{\"@type\":\"Organization\",\"@id\":\"https:\\\/\\\/filminstitut.at\\\/en#organization\",\"name\":\"\u00d6sterreichisches Filminstitut\",\"url\":\"https:\\\/\\\/filminstitut.at\\\/en\",\"logo\":{\"@type\":\"ImageObject\",\"inLanguage\":\"en\",\"@id\":\"https:\\\/\\\/filminstitut.at\\\/en#\\\/schema\\\/logo\\\/image\\\/\",\"url\":\"https:\\\/\\\/filminstitut.at\\\/wp-content\\\/uploads\\\/2025\\\/09\\\/OeFI_Logo_pos-scaled.jpg\",\"contentUrl\":\"https:\\\/\\\/filminstitut.at\\\/wp-content\\\/uploads\\\/2025\\\/09\\\/OeFI_Logo_pos-scaled.jpg\",\"width\":2560,\"height\":694,\"caption\":\"\u00d6sterreichisches Filminstitut\"},\"image\":{\"@id\":\"https:\\\/\\\/filminstitut.at\\\/en#\\\/schema\\\/logo\\\/image\\\/\"},\"sameAs\":[\"https:\\\/\\\/www.facebook.com\\\/filminstitut\",\"https:\\\/\\\/at.linkedin.com\\\/company\\\/sterreichisches-filminstitut\",\"https:\\\/\\\/www.instagram.com\\\/filminstitut\"]}]}<\/script>\n<!-- \/ Yoast SEO plugin. -->","yoast_head_json":{"title":"Man lebt, weil man geboren ist - \u00d6sterreichisches Filminstitut","robots":{"index":"index","follow":"follow","max-snippet":"max-snippet:-1","max-image-preview":"max-image-preview:large","max-video-preview":"max-video-preview:-1"},"canonical":"https:\/\/filminstitut.at\/en\/movies\/man-lebt-weil-man-geboren-ist","og_locale":"en_US","og_type":"article","og_title":"Man lebt, weil man geboren ist - \u00d6sterreichisches Filminstitut","og_description":"Wien 1989: Der Journalist Andr\u00e9 M\u00fcller, bekannt f\u00fcr seine radikalen Gespr\u00e4che mit Prominenten, reist in seine Geburtsstadt, um mit seiner Mutter ein Interview zu f\u00fchren. In einem verzweifelten Kampf versucht er, endlich das Schweigen zu brechen und seiner Mutter die Geheimnisse ihres und seines Lebens zu entrei\u00dfen.","og_url":"https:\/\/filminstitut.at\/en\/movies\/man-lebt-weil-man-geboren-ist","og_site_name":"\u00d6sterreichisches Filminstitut","article_publisher":"https:\/\/www.facebook.com\/filminstitut","twitter_card":"summary_large_image","twitter_misc":{"Est. reading time":"1 minute"},"schema":{"@context":"https:\/\/schema.org","@graph":[{"@type":"WebPage","@id":"https:\/\/filminstitut.at\/en\/movies\/man-lebt-weil-man-geboren-ist","url":"https:\/\/filminstitut.at\/en\/movies\/man-lebt-weil-man-geboren-ist","name":"Man lebt, weil man geboren ist - \u00d6sterreichisches Filminstitut","isPartOf":{"@id":"https:\/\/filminstitut.at\/en#website"},"datePublished":"2025-11-05T09:46:02+00:00","breadcrumb":{"@id":"https:\/\/filminstitut.at\/en\/movies\/man-lebt-weil-man-geboren-ist#breadcrumb"},"inLanguage":"en","potentialAction":[{"@type":"ReadAction","target":["https:\/\/filminstitut.at\/en\/movies\/man-lebt-weil-man-geboren-ist"]}]},{"@type":"BreadcrumbList","@id":"https:\/\/filminstitut.at\/en\/movies\/man-lebt-weil-man-geboren-ist#breadcrumb","itemListElement":[{"@type":"ListItem","position":1,"name":"Home","item":"https:\/\/filminstitut.at\/en"},{"@type":"ListItem","position":2,"name":"Filme","item":"https:\/\/filminstitut.at\/en\/movies"},{"@type":"ListItem","position":3,"name":"Man lebt, weil man geboren ist"}]},{"@type":"WebSite","@id":"https:\/\/filminstitut.at\/en#website","url":"https:\/\/filminstitut.at\/en","name":"\u00d6sterreichisches Filminstitut","description":"Das \u00d6sterreichische Filminstitut ist die bundesweite F\u00f6rderstelle und Kompetenzzentrum f\u00fcr den Kinofilm.","publisher":{"@id":"https:\/\/filminstitut.at\/en#organization"},"potentialAction":[{"@type":"SearchAction","target":{"@type":"EntryPoint","urlTemplate":"https:\/\/filminstitut.at\/en?s={search_term_string}"},"query-input":{"@type":"PropertyValueSpecification","valueRequired":true,"valueName":"search_term_string"}}],"inLanguage":"en"},{"@type":"Organization","@id":"https:\/\/filminstitut.at\/en#organization","name":"\u00d6sterreichisches Filminstitut","url":"https:\/\/filminstitut.at\/en","logo":{"@type":"ImageObject","inLanguage":"en","@id":"https:\/\/filminstitut.at\/en#\/schema\/logo\/image\/","url":"https:\/\/filminstitut.at\/wp-content\/uploads\/2025\/09\/OeFI_Logo_pos-scaled.jpg","contentUrl":"https:\/\/filminstitut.at\/wp-content\/uploads\/2025\/09\/OeFI_Logo_pos-scaled.jpg","width":2560,"height":694,"caption":"\u00d6sterreichisches Filminstitut"},"image":{"@id":"https:\/\/filminstitut.at\/en#\/schema\/logo\/image\/"},"sameAs":["https:\/\/www.facebook.com\/filminstitut","https:\/\/at.linkedin.com\/company\/sterreichisches-filminstitut","https:\/\/www.instagram.com\/filminstitut"]}]}},"featured_img":false,"coauthors":[],"author_meta":{"author_link":"https:\/\/filminstitut.at\/en\/author\/martina_kandl","display_name":"Martina Kandl"},"relative_dates":{"created":"Posted 6 months ago","modified":"Updated 6 months ago"},"absolute_dates":{"created":"Posted on 5. November 2025","modified":"Updated on 5. November 2025"},"absolute_dates_time":{"created":"Posted on 5. November 2025 10:46","modified":"Updated on 5. November 2025 10:46"},"featured_img_caption":"","tax_additional":{"director":{"linked":[],"unlinked":[],"slug":"director","name":"Directors"},"producer":{"linked":["<a href=\"https:\/\/filminstitut.at\/en\/producer\/wega-filmproduktionsgesellschaft-mbh-en\" class=\"advgb-post-tax-term\">Wega-Filmproduktionsgesellschaft m.b.H.<\/a>"],"unlinked":["<span class=\"advgb-post-tax-term\">Wega-Filmproduktionsgesellschaft m.b.H.<\/span>"],"slug":"producer","name":"Production"},"genre":{"linked":["<a href=\"https:\/\/filminstitut.at\/en\/genre\/drama-en\" class=\"advgb-post-tax-term\">Drama<\/a>"],"unlinked":["<span class=\"advgb-post-tax-term\">Drama<\/span>"],"slug":"genre","name":"Genres"},"fond":{"linked":["<a href=\"https:\/\/filminstitut.at\/en\/fond\/filminstitut-en\" class=\"advgb-post-tax-term\">Filminstitut<\/a>","<a href=\"https:\/\/filminstitut.at\/en\/fond\/filmfonds-wien-en\" class=\"advgb-post-tax-term\">Filmfonds Wien<\/a>"],"unlinked":["<span class=\"advgb-post-tax-term\">Filminstitut<\/span>","<span class=\"advgb-post-tax-term\">Filmfonds Wien<\/span>"],"slug":"fond","name":"F\u00f6rderungen \u00d6"},"distributor":{"linked":[],"unlinked":[],"slug":"distributor","name":"Weltvertriebe"},"rental":{"linked":[],"unlinked":[],"slug":"rental","name":"Verleihe"},"movie-category":{"linked":["<a href=\"https:\/\/filminstitut.at\/en\/movie-category\/feature-film-en\" class=\"advgb-post-tax-term\">Feature Film<\/a>"],"unlinked":["<span class=\"advgb-post-tax-term\">Feature Film<\/span>"],"slug":"movie-category","name":"Categories"},"tag":{"linked":["<a href=\"https:\/\/filminstitut.at\/tag\/green-filming\" class=\"advgb-post-tax-term\">Green Filming<\/a>"],"unlinked":["<span class=\"advgb-post-tax-term\">Green Filming<\/span>"],"slug":"tag","name":"Tags"},"funding_program":{"linked":[],"unlinked":[],"slug":"funding_program","name":"F\u00f6rderprogramme"},"incentive":{"linked":[],"unlinked":[],"slug":"incentive","name":"Incentives"}},"series_order":"","_links":{"self":[{"href":"https:\/\/filminstitut.at\/en\/wp-json\/wp\/v2\/movie\/78462","targetHints":{"allow":["GET"]}}],"collection":[{"href":"https:\/\/filminstitut.at\/en\/wp-json\/wp\/v2\/movie"}],"about":[{"href":"https:\/\/filminstitut.at\/en\/wp-json\/wp\/v2\/types\/movie"}],"version-history":[{"count":1,"href":"https:\/\/filminstitut.at\/en\/wp-json\/wp\/v2\/movie\/78462\/revisions"}],"predecessor-version":[{"id":78463,"href":"https:\/\/filminstitut.at\/en\/wp-json\/wp\/v2\/movie\/78462\/revisions\/78463"}],"wp:attachment":[{"href":"https:\/\/filminstitut.at\/en\/wp-json\/wp\/v2\/media?parent=78462"}],"wp:term":[{"taxonomy":"director","embeddable":true,"href":"https:\/\/filminstitut.at\/en\/wp-json\/wp\/v2\/director?post=78462"},{"taxonomy":"producer","embeddable":true,"href":"https:\/\/filminstitut.at\/en\/wp-json\/wp\/v2\/producer?post=78462"},{"taxonomy":"genre","embeddable":true,"href":"https:\/\/filminstitut.at\/en\/wp-json\/wp\/v2\/genre?post=78462"},{"taxonomy":"fond","embeddable":true,"href":"https:\/\/filminstitut.at\/en\/wp-json\/wp\/v2\/fond?post=78462"},{"taxonomy":"distributor","embeddable":true,"href":"https:\/\/filminstitut.at\/en\/wp-json\/wp\/v2\/distributor?post=78462"},{"taxonomy":"rental","embeddable":true,"href":"https:\/\/filminstitut.at\/en\/wp-json\/wp\/v2\/rental?post=78462"},{"taxonomy":"movie-category","embeddable":true,"href":"https:\/\/filminstitut.at\/en\/wp-json\/wp\/v2\/movie-category?post=78462"},{"taxonomy":"tag","embeddable":true,"href":"https:\/\/filminstitut.at\/en\/wp-json\/wp\/v2\/tag?post=78462"},{"taxonomy":"funding_program","embeddable":true,"href":"https:\/\/filminstitut.at\/en\/wp-json\/wp\/v2\/funding_program?post=78462"},{"taxonomy":"incentive","embeddable":true,"href":"https:\/\/filminstitut.at\/en\/wp-json\/wp\/v2\/incentive?post=78462"}],"curies":[{"name":"wp","href":"https:\/\/api.w.org\/{rel}","templated":true}]}}

<p>Wien 1989: Der Journalist André Müller, bekannt für seine radikalen Gespräche mit Prominenten, reist in seine Geburtsstadt, um mit seiner Mutter ein Interview zu führen. In einem verzweifelten Kampf versucht er, endlich das Schweigen zu brechen und seiner Mutter die Geheimnisse ihres und seines Lebens zu entreißen.</p>

<!-- This site is optimized with the Yoast SEO plugin v27.5 - https://yoast.com/product/yoast-seo-wordpress/ -->
<title>Man lebt, weil man geboren ist - Österreichisches Filminstitut</title>
<meta name="robots" content="index, follow, max-snippet:-1, max-image-preview:large, max-video-preview:-1" />
<link rel="canonical" href="https://filminstitut.at/en/movies/man-lebt-weil-man-geboren-ist" />
<meta property="og:locale" content="en_US" />
<meta property="og:type" content="article" />
<meta property="og:title" content="Man lebt, weil man geboren ist - Österreichisches Filminstitut" />
<meta property="og:description" content="Wien 1989: Der Journalist André Müller, bekannt für seine radikalen Gespräche mit Prominenten, reist in seine Geburtsstadt, um mit seiner Mutter ein Interview zu führen. In einem verzweifelten Kampf versucht er, endlich das Schweigen zu brechen und seiner Mutter die Geheimnisse ihres und seines Lebens zu entreißen." />
<meta property="og:url" content="https://filminstitut.at/en/movies/man-lebt-weil-man-geboren-ist" />
<meta property="og:site_name" content="Österreichisches Filminstitut" />
<meta property="article:publisher" content="https://www.facebook.com/filminstitut" />
<meta name="twitter:card" content="summary_large_image" />
<meta name="twitter:label1" content="Est. reading time" />
	<meta name="twitter:data1" content="1 minute" />
<script type="application/ld+json" class="yoast-schema-graph">{"@context":"https:\/\/schema.org","@graph":[{"@type":"WebPage","@id":"https:\/\/filminstitut.at\/en\/movies\/man-lebt-weil-man-geboren-ist","url":"https:\/\/filminstitut.at\/en\/movies\/man-lebt-weil-man-geboren-ist","name":"Man lebt, weil man geboren ist - Österreichisches Filminstitut","isPartOf":{"@id":"https:\/\/filminstitut.at\/en#website"},"datePublished":"2025-11-05T09:46:02+00:00","breadcrumb":{"@id":"https:\/\/filminstitut.at\/en\/movies\/man-lebt-weil-man-geboren-ist#breadcrumb"},"inLanguage":"en","potentialAction":[{"@type":"ReadAction","target":["https:\/\/filminstitut.at\/en\/movies\/man-lebt-weil-man-geboren-ist"]}]},{"@type":"BreadcrumbList","@id":"https:\/\/filminstitut.at\/en\/movies\/man-lebt-weil-man-geboren-ist#breadcrumb","itemListElement":[{"@type":"ListItem","position":1,"name":"Home","item":"https:\/\/filminstitut.at\/en"},{"@type":"ListItem","position":2,"name":"Filme","item":"https:\/\/filminstitut.at\/en\/movies"},{"@type":"ListItem","position":3,"name":"Man lebt, weil man geboren ist"}]},{"@type":"WebSite","@id":"https:\/\/filminstitut.at\/en#website","url":"https:\/\/filminstitut.at\/en","name":"Österreichisches Filminstitut","description":"Das Österreichische Filminstitut ist die bundesweite Förderstelle und Kompetenzzentrum für den Kinofilm.","publisher":{"@id":"https:\/\/filminstitut.at\/en#organization"},"potentialAction":[{"@type":"SearchAction","target":{"@type":"EntryPoint","urlTemplate":"https:\/\/filminstitut.at\/en?s={search_term_string}"},"query-input":{"@type":"PropertyValueSpecification","valueRequired":true,"valueName":"search_term_string"}}],"inLanguage":"en"},{"@type":"Organization","@id":"https:\/\/filminstitut.at\/en#organization","name":"Österreichisches Filminstitut","url":"https:\/\/filminstitut.at\/en","logo":{"@type":"ImageObject","inLanguage":"en","@id":"https:\/\/filminstitut.at\/en#\/schema\/logo\/image\/","url":"https:\/\/filminstitut.at\/wp-content\/uploads\/2025\/09\/OeFI_Logo_pos-scaled.jpg","contentUrl":"https:\/\/filminstitut.at\/wp-content\/uploads\/2025\/09\/OeFI_Logo_pos-scaled.jpg","width":2560,"height":694,"caption":"Österreichisches Filminstitut"},"image":{"@id":"https:\/\/filminstitut.at\/en#\/schema\/logo\/image\/"},"sameAs":["https:\/\/www.facebook.com\/filminstitut","https:\/\/at.linkedin.com\/company\/sterreichisches-filminstitut","https:\/\/www.instagram.com\/filminstitut"]}]}</script>
<!-- / Yoast SEO plugin. -->

Man lebt, weil man geboren ist - Österreichisches Filminstitut

Wien 1989: Der Journalist André Müller, bekannt für seine radikalen Gespräche mit Prominenten, reist in seine Geburtsstadt, um mit seiner Mutter ein Interview zu führen. In einem verzweifelten Kampf versucht er, endlich das Schweigen zu brechen und seiner Mutter die Geheimnisse ihres und seines Lebens zu entreißen.

Österreichisches Filminstitut

Das Österreichische Filminstitut ist die bundesweite Förderstelle und Kompetenzzentrum für den Kinofilm.

Förderungen Ö

Förderprogramme
